{"id":352,"date":"2016-09-25T12:16:43","date_gmt":"2016-09-25T10:16:43","guid":{"rendered":"http:\/\/zamir.pl\/?page_id=352"},"modified":"2017-09-24T12:35:14","modified_gmt":"2017-09-24T10:35:14","slug":"produkty","status":"publish","type":"page","link":"https:\/\/zamir.pl\/?page_id=352","title":{"rendered":"PRODUKT"},"content":{"rendered":"<p><strong>Magnezja\u00a0 dla sportowc\u00f3w w kostce.<\/strong><\/p>\n<p>Magnezja oferowana przez\u00a0 &#8222;ZAMIR.PL&#8221; produkowana jest w Chinach. Zak\u0142ad\u00a0specjalizuje si\u0119 w produkcji wszelkiego rodzaju\u00a0magnezji oraz innych akcesori\u00f3w wykorzystywanych zar\u00f3wno w gimnastyce jaki\u00a0 innych dyscyplinach do kt\u00f3rych u\u017cywane s\u0105\u00a0 te produkty .<br \/>\nTo co wyr\u00f3\u017cnia naszego producenta w\u015br\u00f3d innych dostawc\u00f3w magnezji jest to, \u017ce\u00a0 gwarantuje niezmienn\u0105 wysok\u0105 jako\u015b\u0107 produkt\u00f3w poprzez wsp\u00f3\u0142prac\u0119 z chi\u0144skimi klubami wspinaczkowymi oraz z dru\u017cynami narodowymi w gimnastyce sportowej.<\/p>\n<p>Na rynku Polskim sprzedajemy magnezj\u0119 pod swoim logiem \u201eSPORT CHALK \u00a0zamir.pl\u201d, a produkt rekomendowany jest przez Mistrza Olimpijskiego Leszka Blanika oraz Mistrza Europy Adama Kierzkowskiego.<\/p>\n<p>Oczywi\u015bcie poza tak znamiennymi osobami nasza magnezja od 10 lat wykorzystywana jest przez najlepsze kluby gimnastyczne w kraju, kt\u00f3re niejednokrotnie zdobywa\u0142y medale zar\u00f3wno w kraju jak i za granic\u0105.<\/p>\n<p>Chc\u0105c spr\u00f3bowa\u0107 przygod\u0119 w sporcie, gdzie b\u0119dziecie u\u017cywa\u0107 magnezji zacznijcie od sprawdzonego produktu, a takim jest nasza magnezja. Nie przep\u0142acasz a masz gwarantowana jako\u015b\u0107!!!<\/p>\n<p>Serdecznie zapraszamy do\u00a0wsp\u00f3\u0142pracy.<\/p>\n<p><strong>Kostka\u00a0<\/strong><\/p>\n<p>&nbsp;<\/p>\n<p><strong>sk\u0142ad :<\/strong> 100% czystego w\u0119glanu magnezu<br \/>\n<strong>przeznaczenie:<\/strong> gimnastyka, wspinaczka, lekka atletyka, pole dancing, si\u0142ownia, crossfit, workout, tenis,<br \/>\n<strong>waga kostki:<\/strong> 56 gramy<br \/>\n<strong>opakowanie:<\/strong> Ka\u017cda kostka jest pakowana pojedynczo \/8 kostek w pude\u0142ku\/36 pude\u0142ek w kartonie czyli 288 kostek.<\/p>\n<p style=\"text-align: center;\"><img loading=\"lazy\" decoding=\"async\" class=\" wp-image-366 aligncenter\" src=\"http:\/\/zamir.pl\/wp-content\/uploads\/2016\/09\/kostka1-1.png\" alt=\"kostka1\" width=\"422\" height=\"436\" \/><\/p>\n","protected":false},"excerpt":{"rendered":"<p>Magnezja\u00a0 dla sportowc\u00f3w w kostce. Magnezja oferowana przez\u00a0 &#8222;ZAMIR.PL&#8221; produkowana jest w Chinach. Zak\u0142ad\u00a0specjalizuje si\u0119 w produkcji wszelkiego rodzaju\u00a0magnezji oraz innych akcesori\u00f3w wykorzystywanych zar\u00f3wno w gimnastyce jaki\u00a0 innych dyscyplinach do kt\u00f3rych u\u017cywane s\u0105\u00a0 te produkty . To co wyr\u00f3\u017cnia naszego <a href=\"https:\/\/zamir.pl\/?page_id=352\" class=\"read-more\">Read More &#8230;<\/a><\/p>\n","protected":false},"author":1,"featured_media":0,"parent":0,"menu_order":0,"comment_status":"closed","ping_status":"closed","template":"","meta":{"footnotes":""},"class_list":["post-352","page","type-page","status-publish","hentry"],"_links":{"self":[{"href":"https:\/\/zamir.pl\/index.php?rest_route=\/wp\/v2\/pages\/352","targetHints":{"allow":["GET"]}}],"collection":[{"href":"https:\/\/zamir.pl\/index.php?rest_route=\/wp\/v2\/pages"}],"about":[{"href":"https:\/\/zamir.pl\/index.php?rest_route=\/wp\/v2\/types\/page"}],"author":[{"embeddable":true,"href":"https:\/\/zamir.pl\/index.php?rest_route=\/wp\/v2\/users\/1"}],"replies":[{"embeddable":true,"href":"https:\/\/zamir.pl\/index.php?rest_route=%2Fwp%2Fv2%2Fcomments&post=352"}],"version-history":[{"count":19,"href":"https:\/\/zamir.pl\/index.php?rest_route=\/wp\/v2\/pages\/352\/revisions"}],"predecessor-version":[{"id":431,"href":"https:\/\/zamir.pl\/index.php?rest_route=\/wp\/v2\/pages\/352\/revisions\/431"}],"wp:attachment":[{"href":"https:\/\/zamir.pl\/index.php?rest_route=%2Fwp%2Fv2%2Fmedia&parent=352"}],"curies":[{"name":"wp","href":"https:\/\/api.w.org\/{rel}","templated":true}]}}